{"id":7,"date":"2020-11-20T09:54:50","date_gmt":"2020-11-20T09:54:50","guid":{"rendered":"https:\/\/www.retkipaku.fi\/?page_id=7"},"modified":"2024-12-08T09:25:54","modified_gmt":"2024-12-08T09:25:54","slug":"etusivu","status":"publish","type":"page","link":"https:\/\/www.retkipaku.fi\/","title":{"rendered":"Etusivu"},"content":{"rendered":"<style>.kb-row-layout-id7_713956-91 > .kt-row-column-wrap{align-content:start;}:where(.kb-row-layout-id7_713956-91 > .kt-row-column-wrap) > .wp-block-kadence-column{justify-content:start;}.kb-row-layout-id7_713956-91 > .kt-row-column-wrap{column-gap:var(--global-kb-gap-md, 2rem);row-gap:var(--global-kb-gap-md, 2rem);max-width:var( --global-content-width, 1290px );padding-left:var(--global-content-edge-padding);padding-right:var(--global-content-edge-padding);padding-top:var(--global-kb-spacing-3xl, 6.5rem);padding-right:0px;padding-bottom:var(--global-kb-spacing-3xl, 6.5rem);padding-left:0px;grid-template-columns:minmax(0, 1fr);}.kb-row-layout-id7_713956-91{background-image:url('https:\/\/www.retkipaku.fi\/wp-content\/uploads\/2024\/12\/retkipaku_cover-scaled.jpg');background-size:cover;background-position:70% 54%;background-attachment:scroll;background-repeat:no-repeat;}.kb-row-layout-id7_713956-91 > .kt-row-layout-overlay{opacity:0.63;background:linear-gradient(197deg,var(--global-palette3) 4%,rgb(0,0,0) 53%);}@media all and (max-width: 1024px){.kb-row-layout-id7_713956-91 > .kt-row-column-wrap{grid-template-columns:minmax(0, 1fr);}}@media all and (max-width: 767px){.kb-row-layout-id7_713956-91 > .kt-row-column-wrap{grid-template-columns:minmax(0, 1fr);}}<\/style><div class=\"kb-row-layout-wrap kb-row-layout-id7_713956-91 alignnone has-theme-palette3-background-color kt-row-has-bg wp-block-kadence-rowlayout\"><div class=\"kt-row-layout-overlay kt-row-overlay-gradient\"><\/div><div class=\"kt-row-column-wrap kt-has-1-columns kt-row-layout-equal kt-tab-layout-inherit kt-mobile-layout-row kt-row-valign-top kb-theme-content-width\">\n<style>.kadence-column7_e106da-48 > .kt-inside-inner-col,.kadence-column7_e106da-48 > .kt-inside-inner-col:before{border-top-left-radius:0px;border-top-right-radius:0px;border-bottom-right-radius:0px;border-bottom-left-radius:0px;}.kadence-column7_e106da-48 > .kt-inside-inner-col{column-gap:var(--global-kb-gap-sm, 1rem);}.kadence-column7_e106da-48 > .kt-inside-inner-col{flex-direction:column;}.kadence-column7_e106da-48 > .kt-inside-inner-col > .aligncenter{width:100%;}.kadence-column7_e106da-48 > .kt-inside-inner-col:before{opacity:0.3;}.kadence-column7_e106da-48{position:relative;}@media all and (max-width: 1024px){.kadence-column7_e106da-48 > .kt-inside-inner-col{flex-direction:column;justify-content:center;}}@media all and (max-width: 767px){.kadence-column7_e106da-48 > .kt-inside-inner-col{flex-direction:column;justify-content:center;}}<\/style>\n<div class=\"wp-block-kadence-column kadence-column7_e106da-48\"><div class=\"kt-inside-inner-col\"><style>.wp-block-kadence-spacer.kt-block-spacer-7_704ee3-c6 .kt-block-spacer{height:10px;}.wp-block-kadence-spacer.kt-block-spacer-7_704ee3-c6 .kt-divider{border-top-width:1px;height:1px;border-top-color:var(--global-palette1, #3182CE);width:20%;border-top-style:solid;}<\/style>\n<div class=\"wp-block-kadence-spacer alignnone kt-block-spacer-7_704ee3-c6\"><div class=\"kt-block-spacer kt-block-spacer-halign-center\"><hr class=\"kt-divider\"\/><\/div><\/div>\n\n\n<style>.wp-block-kadence-advancedheading.kt-adv-heading7_0c27fb-a8, .wp-block-kadence-advancedheading.kt-adv-heading7_0c27fb-a8[data-kb-block=\"kb-adv-heading7_0c27fb-a8\"]{max-width:800px;margin-right:auto;margin-left:auto;margin-top:var(--global-kb-spacing-xxs, 0.5rem);text-align:center;font-size:var(--global-kb-font-size-lg, 2rem);line-height:1.2;font-style:normal;}.wp-block-kadence-advancedheading.kt-adv-heading7_0c27fb-a8 mark.kt-highlight, .wp-block-kadence-advancedheading.kt-adv-heading7_0c27fb-a8[data-kb-block=\"kb-adv-heading7_0c27fb-a8\"] mark.kt-highlight{font-style:normal;color:#f76a0c;-webkit-box-decoration-break:clone;box-decoration-break:clone;padding-top:0px;padding-right:0px;padding-bottom:0px;padding-left:0px;}@media all and (max-width: 767px){.wp-block-kadence-advancedheading.kt-adv-heading7_0c27fb-a8, .wp-block-kadence-advancedheading.kt-adv-heading7_0c27fb-a8[data-kb-block=\"kb-adv-heading7_0c27fb-a8\"]{font-size:36px;}}<\/style>\n<h2 class=\"kt-adv-heading7_0c27fb-a8 wp-block-kadence-advancedheading has-theme-palette-9-color has-text-color\" data-kb-block=\"kb-adv-heading7_0c27fb-a8\">Customoitujen retkeilyautojen varustelu ja vuokraus<\/h2>\n\n\n<style>.wp-block-kadence-advancedheading.kt-adv-heading7_95a337-d9, .wp-block-kadence-advancedheading.kt-adv-heading7_95a337-d9[data-kb-block=\"kb-adv-heading7_95a337-d9\"]{margin-top:0px;margin-bottom:0px;text-align:center;font-size:20px;font-weight:700;font-style:normal;}.wp-block-kadence-advancedheading.kt-adv-heading7_95a337-d9 mark.kt-highlight, .wp-block-kadence-advancedheading.kt-adv-heading7_95a337-d9[data-kb-block=\"kb-adv-heading7_95a337-d9\"] mark.kt-highlight{font-style:normal;color:#f76a0c;-webkit-box-decoration-break:clone;box-decoration-break:clone;padding-top:0px;padding-right:0px;padding-bottom:0px;padding-left:0px;}<\/style>\n<div class=\"kt-adv-heading7_95a337-d9 wp-block-kadence-advancedheading has-theme-palette-1-color has-text-color\" data-kb-block=\"kb-adv-heading7_95a337-d9\"><\/div>\n<\/div><\/div>\n\n<\/div><\/div>\n\n<style>.wp-block-kadence-advancedheading.kt-adv-heading7_7a7607-06, .wp-block-kadence-advancedheading.kt-adv-heading7_7a7607-06[data-kb-block=\"kb-adv-heading7_7a7607-06\"]{max-width:600px;margin-right:auto;margin-left:auto;text-align:center;font-style:normal;}.wp-block-kadence-advancedheading.kt-adv-heading7_7a7607-06 mark.kt-highlight, .wp-block-kadence-advancedheading.kt-adv-heading7_7a7607-06[data-kb-block=\"kb-adv-heading7_7a7607-06\"] mark.kt-highlight{font-style:normal;color:#f76a0c;-webkit-box-decoration-break:clone;box-decoration-break:clone;padding-top:0px;padding-right:0px;padding-bottom:0px;padding-left:0px;}<\/style>\n<p class=\"kt-adv-heading7_7a7607-06 wp-block-kadence-advancedheading has-theme-palette-9-color has-text-color\" data-kb-block=\"kb-adv-heading7_7a7607-06\">Retkipaku on Kuopiolainen\u00a0 retkeilyautojen ja pakettiautojen varustelua ja rakentamista toteuttava yritys. Rakennamme pakettiautoista yrityksille ja yksityisille kuljetus, retkeily- ja matkailuauto k\u00e4ytt\u00f6\u00f6n. <br>Erikoisuutemme on extreme offgrid k\u00e4ytt\u00f6\u00f6n rakennetut retkipakut.<br><br>Myymme my\u00f6s omatoimirakentajille rakentamiseen tarvittavia varusteita ja teemme osa asennuksia.<\/p>\n\n\n<style>.kb-row-layout-id7_2a15b5-21 > .kt-row-column-wrap{align-content:start;}:where(.kb-row-layout-id7_2a15b5-21 > .kt-row-column-wrap) > .wp-block-kadence-column{justify-content:start;}.kb-row-layout-id7_2a15b5-21 > .kt-row-column-wrap{column-gap:var(--global-kb-gap-md, 2rem);row-gap:var(--global-kb-gap-md, 2rem);padding-top:var(--global-kb-spacing-sm, 1.5rem);padding-bottom:var(--global-kb-spacing-sm, 1.5rem);grid-template-columns:minmax(0, 1fr);}.kb-row-layout-id7_2a15b5-21 > .kt-row-layout-overlay{opacity:0.30;}@media all and (max-width: 1024px){.kb-row-layout-id7_2a15b5-21 > .kt-row-column-wrap{grid-template-columns:minmax(0, 1fr);}}@media all and (max-width: 767px){.kb-row-layout-id7_2a15b5-21 > .kt-row-column-wrap{grid-template-columns:minmax(0, 1fr);}}<\/style><div class=\"kb-row-layout-wrap kb-row-layout-id7_2a15b5-21 alignnone wp-block-kadence-rowlayout\"><div class=\"kt-row-column-wrap kt-has-1-columns kt-row-layout-equal kt-tab-layout-inherit kt-mobile-layout-row kt-row-valign-top\">\n<style>.kadence-column7_dc397b-4e > .kt-inside-inner-col,.kadence-column7_dc397b-4e > .kt-inside-inner-col:before{border-top-left-radius:0px;border-top-right-radius:0px;border-bottom-right-radius:0px;border-bottom-left-radius:0px;}.kadence-column7_dc397b-4e > .kt-inside-inner-col{column-gap:var(--global-kb-gap-sm, 1rem);}.kadence-column7_dc397b-4e > .kt-inside-inner-col{flex-direction:column;}.kadence-column7_dc397b-4e > .kt-inside-inner-col > .aligncenter{width:100%;}.kadence-column7_dc397b-4e > .kt-inside-inner-col:before{opacity:0.3;}.kadence-column7_dc397b-4e{position:relative;}@media all and (max-width: 1024px){.kadence-column7_dc397b-4e > .kt-inside-inner-col{flex-direction:column;justify-content:center;}}@media all and (max-width: 767px){.kadence-column7_dc397b-4e > .kt-inside-inner-col{flex-direction:column;justify-content:center;}}<\/style>\n<div class=\"wp-block-kadence-column kadence-column7_dc397b-4e\"><div class=\"kt-inside-inner-col\">\n<h2 class=\"wp-block-heading has-text-align-center has-theme-palette-9-color has-text-color has-link-color wp-elements-c43f4b0ce22643a84bef0bc18657947f\">Ota yhteytt\u00e4<\/h2>\n<\/div><\/div>\n\n\n<style>.kadence-column7_a8bc62-2e > .kt-inside-inner-col,.kadence-column7_a8bc62-2e > .kt-inside-inner-col:before{border-top-left-radius:0px;border-top-right-radius:0px;border-bottom-right-radius:0px;border-bottom-left-radius:0px;}.kadence-column7_a8bc62-2e > .kt-inside-inner-col{column-gap:var(--global-kb-gap-sm, 1rem);}.kadence-column7_a8bc62-2e > .kt-inside-inner-col{flex-direction:column;}.kadence-column7_a8bc62-2e > .kt-inside-inner-col > .aligncenter{width:100%;}.kadence-column7_a8bc62-2e > .kt-inside-inner-col:before{opacity:0.3;}.kadence-column7_a8bc62-2e{position:relative;}@media all and (max-width: 1024px){.kadence-column7_a8bc62-2e > .kt-inside-inner-col{flex-direction:column;justify-content:center;}}@media all and (max-width: 767px){.kadence-column7_a8bc62-2e > .kt-inside-inner-col{flex-direction:column;justify-content:center;}}<\/style>\n<div class=\"wp-block-kadence-column kadence-column7_a8bc62-2e\"><div class=\"kt-inside-inner-col\">\n<p class=\"has-text-align-center\"><a href=\"tel:0503430892\">050 343 0892<br><\/a>myynti@retkipaku.fi<\/p>\n<\/div><\/div>\n\n<\/div><\/div>\n\n\n<div class=\"wp-block-group has-theme-palette-9-color has-text-color has-link-color wp-elements-676eeeacaa2bbb9dfc83d8eabd5770c7 is-content-justification-center is-nowrap is-layout-flex wp-container-core-group-is-layout-1 wp-block-group-is-layout-flex\">\n<h6 class=\"wp-block-heading\"><br><br><br><\/h6>\n\n\n\n<div class=\"wpcf7 no-js\" id=\"wpcf7-f16-o1\" lang=\"fi\" dir=\"ltr\" data-wpcf7-id=\"16\">\n<div class=\"screen-reader-response\"><p role=\"status\" aria-live=\"polite\" aria-atomic=\"true\"><\/p> <ul><\/ul><\/div>\n<form action=\"\/index.php\/wp-json\/wp\/v2\/pages\/7#wpcf7-f16-o1\" method=\"post\" class=\"wpcf7-form init\" aria-label=\"Yhteydenottolomake\" novalidate=\"novalidate\" data-status=\"init\">\n<fieldset class=\"hidden-fields-container\"><input type=\"hidden\" name=\"_wpcf7\" value=\"16\" \/><input type=\"hidden\" name=\"_wpcf7_version\" value=\"6.1.1\" \/><input type=\"hidden\" name=\"_wpcf7_locale\" value=\"fi\" \/><input type=\"hidden\" name=\"_wpcf7_unit_tag\" value=\"wpcf7-f16-o1\" \/><input type=\"hidden\" name=\"_wpcf7_container_post\" value=\"0\" \/><input type=\"hidden\" name=\"_wpcf7_posted_data_hash\" value=\"\" \/>\n<\/fieldset>\n<p><label> Nimi<br \/>\n<span class=\"wpcf7-form-control-wrap\" data-name=\"nimi\"><input size=\"40\" maxlength=\"400\" class=\"wpcf7-form-control wpcf7-text wpcf7-validates-as-required\" aria-required=\"true\" aria-invalid=\"false\" value=\"\" type=\"text\" name=\"nimi\" \/><\/span> <\/label><br \/>\n<label> Yritys<br \/>\n<span class=\"wpcf7-form-control-wrap\" data-name=\"yritys\"><input size=\"40\" maxlength=\"400\" class=\"wpcf7-form-control wpcf7-text wpcf7-validates-as-required\" aria-required=\"true\" aria-invalid=\"false\" value=\"\" type=\"text\" name=\"yritys\" \/><\/span> <\/label><br \/>\n<label> S\u00e4hk\u00f6posti<br \/>\n<span class=\"wpcf7-form-control-wrap\" data-name=\"your-email\"><input size=\"40\" maxlength=\"400\" class=\"wpcf7-form-control wpcf7-email wpcf7-validates-as-required wpcf7-text wpcf7-validates-as-email\" aria-required=\"true\" aria-invalid=\"false\" value=\"\" type=\"email\" name=\"your-email\" \/><\/span> <\/label><br \/>\n<label> Puhelin<br \/>\n<span class=\"wpcf7-form-control-wrap\" data-name=\"numero\"><input size=\"40\" maxlength=\"400\" class=\"wpcf7-form-control wpcf7-tel wpcf7-validates-as-required wpcf7-text wpcf7-validates-as-tel\" aria-required=\"true\" aria-invalid=\"false\" value=\"\" type=\"tel\" name=\"numero\" \/><\/span> <\/label>\n<\/p>\n<p><label> Aihe<br \/>\n<span class=\"wpcf7-form-control-wrap\" data-name=\"your-subject\"><input size=\"40\" maxlength=\"400\" class=\"wpcf7-form-control wpcf7-text wpcf7-validates-as-required\" aria-required=\"true\" aria-invalid=\"false\" value=\"\" type=\"text\" name=\"your-subject\" \/><\/span> <\/label>\n<\/p>\n<p><label> Viesti<br \/>\n<span class=\"wpcf7-form-control-wrap\" data-name=\"your-message\"><textarea cols=\"40\" rows=\"10\" maxlength=\"2000\" class=\"wpcf7-form-control wpcf7-textarea\" aria-invalid=\"false\" name=\"your-message\"><\/textarea><\/span> <\/label>\n<\/p>\n<p><input class=\"wpcf7-form-control wpcf7-submit has-spinner\" type=\"submit\" value=\"L\u00e4het\u00e4\" \/>\n<\/p><div class=\"wpcf7-response-output\" aria-hidden=\"true\"><\/div>\n<\/form>\n<\/div>\n\n\n\n\n<p><\/p>\n<\/div>\n","protected":false},"excerpt":{"rendered":"<p>Customoitujen retkeilyautojen varustelu ja vuokraus Retkipaku on Kuopiolainen\u00a0 retkeilyautojen ja pakettiautojen varustelua ja rakentamista toteuttava yritys. Rakennamme pakettiautoista yrityksille ja yksityisille kuljetus, retkeily- ja matkailuauto k\u00e4ytt\u00f6\u00f6n. Erikoisuutemme on extreme offgrid k\u00e4ytt\u00f6\u00f6n rakennetut retkipakut. Myymme my\u00f6s omatoimirakentajille rakentamiseen tarvittavia varusteita ja teemme osa asennuksia. Ota yhteytt\u00e4 050 343 0892myynti@retkipaku.fi<\/p>\n","protected":false},"author":1,"featured_media":0,"parent":0,"menu_order":0,"comment_status":"closed","ping_status":"closed","template":"","meta":{"_kad_blocks_custom_css":"","_kad_blocks_head_custom_js":"","_kad_blocks_body_custom_js":"","_kad_blocks_footer_custom_js":"","_kadence_starter_templates_imported_post":false,"_kad_post_transparent":"disable","_kad_post_title":"hide","_kad_post_layout":"fullwidth","_kad_post_sidebar_id":"","_kad_post_content_style":"","_kad_post_vertical_padding":"","_kad_post_feature":"","_kad_post_feature_position":"","_kad_post_header":true,"_kad_post_footer":false,"footnotes":""},"class_list":["post-7","page","type-page","status-publish","hentry"],"taxonomy_info":[],"featured_image_src_large":false,"author_info":{"display_name":"admin","author_link":"https:\/\/www.retkipaku.fi\/index.php\/author\/timo\/"},"comment_info":0,"_links":{"self":[{"href":"https:\/\/www.retkipaku.fi\/index.php\/wp-json\/wp\/v2\/pages\/7","targetHints":{"allow":["GET"]}}],"collection":[{"href":"https:\/\/www.retkipaku.fi\/index.php\/wp-json\/wp\/v2\/pages"}],"about":[{"href":"https:\/\/www.retkipaku.fi\/index.php\/wp-json\/wp\/v2\/types\/page"}],"author":[{"embeddable":true,"href":"https:\/\/www.retkipaku.fi\/index.php\/wp-json\/wp\/v2\/users\/1"}],"replies":[{"embeddable":true,"href":"https:\/\/www.retkipaku.fi\/index.php\/wp-json\/wp\/v2\/comments?post=7"}],"version-history":[{"count":38,"href":"https:\/\/www.retkipaku.fi\/index.php\/wp-json\/wp\/v2\/pages\/7\/revisions"}],"predecessor-version":[{"id":121,"href":"https:\/\/www.retkipaku.fi\/index.php\/wp-json\/wp\/v2\/pages\/7\/revisions\/121"}],"wp:attachment":[{"href":"https:\/\/www.retkipaku.fi\/index.php\/wp-json\/wp\/v2\/media?parent=7"}],"curies":[{"name":"wp","href":"https:\/\/api.w.org\/{rel}","templated":true}]}}